{"id":961,"date":"2021-06-07T16:32:51","date_gmt":"2021-06-07T14:32:51","guid":{"rendered":"https:\/\/djeepy-photographie.blogsite.org\/?page_id=961"},"modified":"2022-07-26T21:26:06","modified_gmt":"2022-07-26T19:26:06","slug":"961-2","status":"publish","type":"page","link":"https:\/\/djeepy-photographie.blogsite.org\/","title":{"rendered":""},"content":{"rendered":"\n<div class=\"wp-block-columns is-layout-flex wp-container-core-columns-is-layout-28f84493 wp-block-columns-is-layout-flex\">\n<div class=\"wp-block-column is-vertically-aligned-center is-layout-flow wp-block-column-is-layout-flow\" style=\"flex-basis:100%\">\n<div class=\"wp-block-group is-layout-flow wp-block-group-is-layout-flow\">\n<figure class=\"wp-block-image size-large\"><a href=\"https:\/\/djeepy-photographie.blogsite.org\/?p=1850\"><img loading=\"lazy\" decoding=\"async\" width=\"1500\" height=\"473\" src=\"https:\/\/djeepy-photographie.blogsite.org\/wp-content\/uploads\/2022\/04\/panorama-heron-1500x473.jpg\" alt=\"heron en vol\" class=\"wp-image-1915\" srcset=\"https:\/\/djeepy-photographie.blogsite.org\/wp-content\/uploads\/2022\/04\/panorama-heron-1500x473.jpg 1500w, https:\/\/djeepy-photographie.blogsite.org\/wp-content\/uploads\/2022\/04\/panorama-heron-300x95.jpg 300w, https:\/\/djeepy-photographie.blogsite.org\/wp-content\/uploads\/2022\/04\/panorama-heron-768x242.jpg 768w, https:\/\/djeepy-photographie.blogsite.org\/wp-content\/uploads\/2022\/04\/panorama-heron-1536x485.jpg 1536w, https:\/\/djeepy-photographie.blogsite.org\/wp-content\/uploads\/2022\/04\/panorama-heron-920x290.jpg 920w, https:\/\/djeepy-photographie.blogsite.org\/wp-content\/uploads\/2022\/04\/panorama-heron-230x73.jpg 230w, https:\/\/djeepy-photographie.blogsite.org\/wp-content\/uploads\/2022\/04\/panorama-heron-350x110.jpg 350w, https:\/\/djeepy-photographie.blogsite.org\/wp-content\/uploads\/2022\/04\/panorama-heron-480x152.jpg 480w, https:\/\/djeepy-photographie.blogsite.org\/wp-content\/uploads\/2022\/04\/panorama-heron.jpg 1980w\" sizes=\"auto, (max-width: 1500px) 100vw, 1500px\" \/><\/a><\/figure>\n<\/div>\n<\/div>\n<\/div>\n\n\n\n<p>Bienvenue.<\/p>\n\n\n\n<p>Je m&rsquo;appelle Jean-Pierre Lepr\u00e9vost, je suis cherbourgeois.<\/p>\n\n\n\n<p>Passionn\u00e9 de nature depuis toujours, j&rsquo;ai commenc\u00e9 \u00e0 faire de la photo avec des appareils jetables, puis avec mon t\u00e9l\u00e9phone. C&rsquo;est gr\u00e2ce au pr\u00eat d&rsquo;un appareil reflex que j&rsquo;ai d\u00e9couvert le \u00ab\u00a0vrai\u00a0\u00bb monde de la photo.<\/p>\n\n\n\n<p>C&rsquo;est surtout l&rsquo;usage d&rsquo;un t\u00e9l\u00e9objectif qui m&rsquo;a amen\u00e9 \u00e0 photographier d&rsquo;abord la lune, puis les oiseaux, qui sont devenus mes sujets de pr\u00e9dilection. J&rsquo;ai appris \u00e0 les identifier, par leurs couleurs, la forme de leur bec&#8230; J&rsquo;ai r\u00e9alis\u00e9 que m\u00eame les plus communs poss\u00e8dent une multitude de d\u00e9tails qu&rsquo;il n&rsquo;est pas possible de voir \u00e0 l\u2019\u0153il nu.<\/p>\n\n\n\n<figure class=\"wp-block-gallery has-nested-images columns-default is-cropped wp-block-gallery-1 is-layout-flex wp-block-gallery-is-layout-flex\">\n<figure class=\"wp-block-image size-full is-style-default\"><a href=\"https:\/\/djeepy-photographie.blogsite.org\/?p=1814\"><img loading=\"lazy\" decoding=\"async\" width=\"500\" height=\"334\" data-id=\"1792\" src=\"https:\/\/djeepy-photographie.blogsite.org\/wp-content\/uploads\/2022\/04\/bergeronnette-grise-details-vignette.jpg\" alt=\"bergeronnette grise en gros plan\" class=\"wp-image-1792\" srcset=\"https:\/\/djeepy-photographie.blogsite.org\/wp-content\/uploads\/2022\/04\/bergeronnette-grise-details-vignette.jpg 500w, https:\/\/djeepy-photographie.blogsite.org\/wp-content\/uploads\/2022\/04\/bergeronnette-grise-details-vignette-300x200.jpg 300w, https:\/\/djeepy-photographie.blogsite.org\/wp-content\/uploads\/2022\/04\/bergeronnette-grise-details-vignette-230x154.jpg 230w, https:\/\/djeepy-photographie.blogsite.org\/wp-content\/uploads\/2022\/04\/bergeronnette-grise-details-vignette-350x234.jpg 350w, https:\/\/djeepy-photographie.blogsite.org\/wp-content\/uploads\/2022\/04\/bergeronnette-grise-details-vignette-480x321.jpg 480w\" sizes=\"auto, (max-width: 500px) 100vw, 500px\" \/><\/a><\/figure>\n\n\n\n<figure class=\"wp-block-image size-full is-style-default\"><a href=\"https:\/\/djeepy-photographie.blogsite.org\/?p=1718\"><img loading=\"lazy\" decoding=\"async\" width=\"500\" height=\"334\" data-id=\"1708\" src=\"https:\/\/djeepy-photographie.blogsite.org\/wp-content\/uploads\/2022\/02\/cane-reflet-vignette.jpg\" alt=\"une cane et son reflet\" class=\"wp-image-1708\" srcset=\"https:\/\/djeepy-photographie.blogsite.org\/wp-content\/uploads\/2022\/02\/cane-reflet-vignette.jpg 500w, https:\/\/djeepy-photographie.blogsite.org\/wp-content\/uploads\/2022\/02\/cane-reflet-vignette-300x200.jpg 300w, https:\/\/djeepy-photographie.blogsite.org\/wp-content\/uploads\/2022\/02\/cane-reflet-vignette-230x154.jpg 230w, https:\/\/djeepy-photographie.blogsite.org\/wp-content\/uploads\/2022\/02\/cane-reflet-vignette-350x234.jpg 350w, https:\/\/djeepy-photographie.blogsite.org\/wp-content\/uploads\/2022\/02\/cane-reflet-vignette-480x321.jpg 480w\" sizes=\"auto, (max-width: 500px) 100vw, 500px\" \/><\/a><\/figure>\n\n\n\n<figure class=\"wp-block-image size-full is-style-default\"><a href=\"https:\/\/djeepy-photographie.blogsite.org\/?p=282\"><img loading=\"lazy\" decoding=\"async\" width=\"1498\" height=\"1000\" data-id=\"1933\" src=\"https:\/\/djeepy-photographie.blogsite.org\/wp-content\/uploads\/2022\/04\/fauvette-tete-noire-femelle-edited-2.jpg\" alt=\"photo de fauvette \u00e0 t\u00eate noire femelle pos\u00e9e sur un barbel\u00e9\" class=\"wp-image-1933\" srcset=\"https:\/\/djeepy-photographie.blogsite.org\/wp-content\/uploads\/2022\/04\/fauvette-tete-noire-femelle-edited-2.jpg 1498w, https:\/\/djeepy-photographie.blogsite.org\/wp-content\/uploads\/2022\/04\/fauvette-tete-noire-femelle-edited-2-300x200.jpg 300w, https:\/\/djeepy-photographie.blogsite.org\/wp-content\/uploads\/2022\/04\/fauvette-tete-noire-femelle-edited-2-768x513.jpg 768w, https:\/\/djeepy-photographie.blogsite.org\/wp-content\/uploads\/2022\/04\/fauvette-tete-noire-femelle-edited-2-920x614.jpg 920w, https:\/\/djeepy-photographie.blogsite.org\/wp-content\/uploads\/2022\/04\/fauvette-tete-noire-femelle-edited-2-230x154.jpg 230w, https:\/\/djeepy-photographie.blogsite.org\/wp-content\/uploads\/2022\/04\/fauvette-tete-noire-femelle-edited-2-350x234.jpg 350w, https:\/\/djeepy-photographie.blogsite.org\/wp-content\/uploads\/2022\/04\/fauvette-tete-noire-femelle-edited-2-480x320.jpg 480w\" sizes=\"auto, (max-width: 1498px) 100vw, 1498px\" \/><\/a><\/figure>\n<\/figure>\n\n\n\n<p>J&rsquo;esp\u00e8re que mes photos vous permettront d&rsquo;appr\u00e9hender un monde que l\u2019\u0153il humain, seul, ne peut qu&rsquo;entrevoir.<\/p>\n\n\n\n<p>Un grand merci \u00e0 Nico sans qui ce site n&rsquo;existerait pas.<\/p>\n\n\n\n<p>N&rsquo;h\u00e9sitez pas \u00e0 laisser un commentaire, y compris si vous constatez une erreur d&rsquo;identification.<\/p>\n\n\n\n<p><em>NB<\/em> : Les photos ont \u00e9t\u00e9 fortement compress\u00e9es, donc d\u00e9grad\u00e9es, pour optimiser la navigation.<\/p>\n\n\n\n<figure class=\"wp-block-gallery has-nested-images columns-default is-cropped wp-block-gallery-2 is-layout-flex wp-block-gallery-is-layout-flex\">\n<figure class=\"wp-block-image size-full is-style-default\"><a href=\"https:\/\/djeepy-photographie.blogsite.org\/?p=1816\"><img loading=\"lazy\" decoding=\"async\" width=\"500\" height=\"334\" data-id=\"1802\" src=\"https:\/\/djeepy-photographie.blogsite.org\/wp-content\/uploads\/2022\/04\/bourdon-vol-trompe-vignette.jpg\" alt=\"bourdon en vol\" class=\"wp-image-1802\" srcset=\"https:\/\/djeepy-photographie.blogsite.org\/wp-content\/uploads\/2022\/04\/bourdon-vol-trompe-vignette.jpg 500w, https:\/\/djeepy-photographie.blogsite.org\/wp-content\/uploads\/2022\/04\/bourdon-vol-trompe-vignette-300x200.jpg 300w, https:\/\/djeepy-photographie.blogsite.org\/wp-content\/uploads\/2022\/04\/bourdon-vol-trompe-vignette-230x154.jpg 230w, https:\/\/djeepy-photographie.blogsite.org\/wp-content\/uploads\/2022\/04\/bourdon-vol-trompe-vignette-350x234.jpg 350w, https:\/\/djeepy-photographie.blogsite.org\/wp-content\/uploads\/2022\/04\/bourdon-vol-trompe-vignette-480x321.jpg 480w\" sizes=\"auto, (max-width: 500px) 100vw, 500px\" \/><\/a><\/figure>\n\n\n\n<figure class=\"wp-block-image size-full is-style-default\"><a href=\"https:\/\/djeepy-photographie.blogsite.org\/?p=1519\"><img loading=\"lazy\" decoding=\"async\" width=\"500\" height=\"334\" data-id=\"1494\" src=\"https:\/\/djeepy-photographie.blogsite.org\/wp-content\/uploads\/2021\/09\/libellule-silhouette-vignette.jpg\" alt=\"Libellule en silhouette\" class=\"wp-image-1494\" srcset=\"https:\/\/djeepy-photographie.blogsite.org\/wp-content\/uploads\/2021\/09\/libellule-silhouette-vignette.jpg 500w, https:\/\/djeepy-photographie.blogsite.org\/wp-content\/uploads\/2021\/09\/libellule-silhouette-vignette-300x200.jpg 300w, https:\/\/djeepy-photographie.blogsite.org\/wp-content\/uploads\/2021\/09\/libellule-silhouette-vignette-230x154.jpg 230w, https:\/\/djeepy-photographie.blogsite.org\/wp-content\/uploads\/2021\/09\/libellule-silhouette-vignette-350x234.jpg 350w, https:\/\/djeepy-photographie.blogsite.org\/wp-content\/uploads\/2021\/09\/libellule-silhouette-vignette-480x321.jpg 480w\" sizes=\"auto, (max-width: 500px) 100vw, 500px\" \/><\/a><\/figure>\n\n\n\n<figure class=\"wp-block-image size-full is-style-default\"><a href=\"https:\/\/djeepy-photographie.blogsite.org\/?p=13\"><img loading=\"lazy\" decoding=\"async\" width=\"500\" height=\"333\" data-id=\"798\" src=\"https:\/\/djeepy-photographie.blogsite.org\/wp-content\/uploads\/2021\/06\/heure-bleue-vignette.jpg\" alt=\"photo de cr\u00e9puscule sur la mer et les reflets d'une ville au loin\" class=\"wp-image-798\"\/><\/a><\/figure>\n<\/figure>\n","protected":false},"excerpt":{"rendered":"<p>Bienvenue. Je m&rsquo;appelle Jean-Pierre Lepr\u00e9vost, je suis cherbourgeois. Passionn\u00e9 de nature depuis toujours, j&rsquo;ai commenc\u00e9 \u00e0 faire de la photo avec des appareils jetables, puis avec mon t\u00e9l\u00e9phone. C&rsquo;est gr\u00e2ce au pr\u00eat d&rsquo;un appareil reflex que j&rsquo;ai d\u00e9couvert le \u00ab\u00a0vrai\u00a0\u00bb monde de la photo. C&rsquo;est surtout l&rsquo;usage d&rsquo;un t\u00e9l\u00e9objectif qui m&rsquo;a amen\u00e9 \u00e0 photographier d&rsquo;abord la lune, puis les oiseaux, qui sont devenus mes sujets de pr\u00e9dilection. J&rsquo;ai appris \u00e0 [&hellip;]<\/p>\n","protected":false},"author":1,"featured_media":0,"parent":0,"menu_order":0,"comment_status":"open","ping_status":"closed","template":"","meta":{"footnotes":""},"class_list":["post-961","page","type-page","status-publish","hentry"],"_links":{"self":[{"href":"https:\/\/djeepy-photographie.blogsite.org\/index.php?rest_route=\/wp\/v2\/pages\/961","targetHints":{"allow":["GET"]}}],"collection":[{"href":"https:\/\/djeepy-photographie.blogsite.org\/index.php?rest_route=\/wp\/v2\/pages"}],"about":[{"href":"https:\/\/djeepy-photographie.blogsite.org\/index.php?rest_route=\/wp\/v2\/types\/page"}],"author":[{"embeddable":true,"href":"https:\/\/djeepy-photographie.blogsite.org\/index.php?rest_route=\/wp\/v2\/users\/1"}],"replies":[{"embeddable":true,"href":"https:\/\/djeepy-photographie.blogsite.org\/index.php?rest_route=%2Fwp%2Fv2%2Fcomments&post=961"}],"version-history":[{"count":51,"href":"https:\/\/djeepy-photographie.blogsite.org\/index.php?rest_route=\/wp\/v2\/pages\/961\/revisions"}],"predecessor-version":[{"id":2184,"href":"https:\/\/djeepy-photographie.blogsite.org\/index.php?rest_route=\/wp\/v2\/pages\/961\/revisions\/2184"}],"wp:attachment":[{"href":"https:\/\/djeepy-photographie.blogsite.org\/index.php?rest_route=%2Fwp%2Fv2%2Fmedia&parent=961"}],"curies":[{"name":"wp","href":"https:\/\/api.w.org\/{rel}","templated":true}]}}

<div class="wp-block-columns is-layout-flex wp-container-core-columns-is-layout-28f84493 wp-block-columns-is-layout-flex">
<div class="wp-block-column is-vertically-aligned-center is-layout-flow wp-block-column-is-layout-flow" style="flex-basis:100%">
<div class="wp-block-group is-layout-flow wp-block-group-is-layout-flow">
<figure class="wp-block-image size-large"><a href="https://djeepy-photographie.blogsite.org/?p=1850"><img loading="lazy" decoding="async" width="1500" height="473" src="https://djeepy-photographie.blogsite.org/wp-content/uploads/2022/04/panorama-heron-1500x473.jpg" alt="heron en vol" class="wp-image-1915" srcset="https://djeepy-photographie.blogsite.org/wp-content/uploads/2022/04/panorama-heron-1500x473.jpg 1500w, https://djeepy-photographie.blogsite.org/wp-content/uploads/2022/04/panorama-heron-300x95.jpg 300w, https://djeepy-photographie.blogsite.org/wp-content/uploads/2022/04/panorama-heron-768x242.jpg 768w, https://djeepy-photographie.blogsite.org/wp-content/uploads/2022/04/panorama-heron-1536x485.jpg 1536w, https://djeepy-photographie.blogsite.org/wp-content/uploads/2022/04/panorama-heron-920x290.jpg 920w, https://djeepy-photographie.blogsite.org/wp-content/uploads/2022/04/panorama-heron-230x73.jpg 230w, https://djeepy-photographie.blogsite.org/wp-content/uploads/2022/04/panorama-heron-350x110.jpg 350w, https://djeepy-photographie.blogsite.org/wp-content/uploads/2022/04/panorama-heron-480x152.jpg 480w, https://djeepy-photographie.blogsite.org/wp-content/uploads/2022/04/panorama-heron.jpg 1980w" sizes="auto, (max-width: 1500px) 100vw, 1500px" /></a></figure>
</div>
</div>
</div>



<p>Bienvenue.</p>



<p>Je m&rsquo;appelle Jean-Pierre Leprévost, je suis cherbourgeois.</p>



<p>Passionné de nature depuis toujours, j&rsquo;ai commencé à faire de la photo avec des appareils jetables, puis avec mon téléphone. C&rsquo;est grâce au prêt d&rsquo;un appareil reflex que j&rsquo;ai découvert le « vrai » monde de la photo.</p>



<p>C&rsquo;est surtout l&rsquo;usage d&rsquo;un téléobjectif qui m&rsquo;a amené à photographier d&rsquo;abord la lune, puis les oiseaux, qui sont devenus mes sujets de prédilection. J&rsquo;ai appris à les identifier, par leurs couleurs, la forme de leur bec&#8230; J&rsquo;ai réalisé que même les plus communs possèdent une multitude de détails qu&rsquo;il n&rsquo;est pas possible de voir à l’œil nu.</p>



<figure class="wp-block-gallery has-nested-images columns-default is-cropped wp-block-gallery-1 is-layout-flex wp-block-gallery-is-layout-flex">
<figure class="wp-block-image size-full is-style-default"><a href="https://djeepy-photographie.blogsite.org/?p=1814"><img loading="lazy" decoding="async" width="500" height="334" data-id="1792" src="https://djeepy-photographie.blogsite.org/wp-content/uploads/2022/04/bergeronnette-grise-details-vignette.jpg" alt="bergeronnette grise en gros plan" class="wp-image-1792" srcset="https://djeepy-photographie.blogsite.org/wp-content/uploads/2022/04/bergeronnette-grise-details-vignette.jpg 500w, https://djeepy-photographie.blogsite.org/wp-content/uploads/2022/04/bergeronnette-grise-details-vignette-300x200.jpg 300w, https://djeepy-photographie.blogsite.org/wp-content/uploads/2022/04/bergeronnette-grise-details-vignette-230x154.jpg 230w, https://djeepy-photographie.blogsite.org/wp-content/uploads/2022/04/bergeronnette-grise-details-vignette-350x234.jpg 350w, https://djeepy-photographie.blogsite.org/wp-content/uploads/2022/04/bergeronnette-grise-details-vignette-480x321.jpg 480w" sizes="auto, (max-width: 500px) 100vw, 500px" /></a></figure>



<figure class="wp-block-image size-full is-style-default"><a href="https://djeepy-photographie.blogsite.org/?p=1718"><img loading="lazy" decoding="async" width="500" height="334" data-id="1708" src="https://djeepy-photographie.blogsite.org/wp-content/uploads/2022/02/cane-reflet-vignette.jpg" alt="une cane et son reflet" class="wp-image-1708" srcset="https://djeepy-photographie.blogsite.org/wp-content/uploads/2022/02/cane-reflet-vignette.jpg 500w, https://djeepy-photographie.blogsite.org/wp-content/uploads/2022/02/cane-reflet-vignette-300x200.jpg 300w, https://djeepy-photographie.blogsite.org/wp-content/uploads/2022/02/cane-reflet-vignette-230x154.jpg 230w, https://djeepy-photographie.blogsite.org/wp-content/uploads/2022/02/cane-reflet-vignette-350x234.jpg 350w, https://djeepy-photographie.blogsite.org/wp-content/uploads/2022/02/cane-reflet-vignette-480x321.jpg 480w" sizes="auto, (max-width: 500px) 100vw, 500px" /></a></figure>



<figure class="wp-block-image size-full is-style-default"><a href="https://djeepy-photographie.blogsite.org/?p=282"><img loading="lazy" decoding="async" width="1498" height="1000" data-id="1933" src="https://djeepy-photographie.blogsite.org/wp-content/uploads/2022/04/fauvette-tete-noire-femelle-edited-2.jpg" alt="photo de fauvette à tête noire femelle posée sur un barbelé" class="wp-image-1933" srcset="https://djeepy-photographie.blogsite.org/wp-content/uploads/2022/04/fauvette-tete-noire-femelle-edited-2.jpg 1498w, https://djeepy-photographie.blogsite.org/wp-content/uploads/2022/04/fauvette-tete-noire-femelle-edited-2-300x200.jpg 300w, https://djeepy-photographie.blogsite.org/wp-content/uploads/2022/04/fauvette-tete-noire-femelle-edited-2-768x513.jpg 768w, https://djeepy-photographie.blogsite.org/wp-content/uploads/2022/04/fauvette-tete-noire-femelle-edited-2-920x614.jpg 920w, https://djeepy-photographie.blogsite.org/wp-content/uploads/2022/04/fauvette-tete-noire-femelle-edited-2-230x154.jpg 230w, https://djeepy-photographie.blogsite.org/wp-content/uploads/2022/04/fauvette-tete-noire-femelle-edited-2-350x234.jpg 350w, https://djeepy-photographie.blogsite.org/wp-content/uploads/2022/04/fauvette-tete-noire-femelle-edited-2-480x320.jpg 480w" sizes="auto, (max-width: 1498px) 100vw, 1498px" /></a></figure>
</figure>



<p>J&rsquo;espère que mes photos vous permettront d&rsquo;appréhender un monde que l’œil humain, seul, ne peut qu&rsquo;entrevoir.</p>



<p>Un grand merci à Nico sans qui ce site n&rsquo;existerait pas.</p>



<p>N&rsquo;hésitez pas à laisser un commentaire, y compris si vous constatez une erreur d&rsquo;identification.</p>



<p><em>NB</em> : Les photos ont été fortement compressées, donc dégradées, pour optimiser la navigation.</p>



<figure class="wp-block-gallery has-nested-images columns-default is-cropped wp-block-gallery-2 is-layout-flex wp-block-gallery-is-layout-flex">
<figure class="wp-block-image size-full is-style-default"><a href="https://djeepy-photographie.blogsite.org/?p=1816"><img loading="lazy" decoding="async" width="500" height="334" data-id="1802" src="https://djeepy-photographie.blogsite.org/wp-content/uploads/2022/04/bourdon-vol-trompe-vignette.jpg" alt="bourdon en vol" class="wp-image-1802" srcset="https://djeepy-photographie.blogsite.org/wp-content/uploads/2022/04/bourdon-vol-trompe-vignette.jpg 500w, https://djeepy-photographie.blogsite.org/wp-content/uploads/2022/04/bourdon-vol-trompe-vignette-300x200.jpg 300w, https://djeepy-photographie.blogsite.org/wp-content/uploads/2022/04/bourdon-vol-trompe-vignette-230x154.jpg 230w, https://djeepy-photographie.blogsite.org/wp-content/uploads/2022/04/bourdon-vol-trompe-vignette-350x234.jpg 350w, https://djeepy-photographie.blogsite.org/wp-content/uploads/2022/04/bourdon-vol-trompe-vignette-480x321.jpg 480w" sizes="auto, (max-width: 500px) 100vw, 500px" /></a></figure>



<figure class="wp-block-image size-full is-style-default"><a href="https://djeepy-photographie.blogsite.org/?p=1519"><img loading="lazy" decoding="async" width="500" height="334" data-id="1494" src="https://djeepy-photographie.blogsite.org/wp-content/uploads/2021/09/libellule-silhouette-vignette.jpg" alt="Libellule en silhouette" class="wp-image-1494" srcset="https://djeepy-photographie.blogsite.org/wp-content/uploads/2021/09/libellule-silhouette-vignette.jpg 500w, https://djeepy-photographie.blogsite.org/wp-content/uploads/2021/09/libellule-silhouette-vignette-300x200.jpg 300w, https://djeepy-photographie.blogsite.org/wp-content/uploads/2021/09/libellule-silhouette-vignette-230x154.jpg 230w, https://djeepy-photographie.blogsite.org/wp-content/uploads/2021/09/libellule-silhouette-vignette-350x234.jpg 350w, https://djeepy-photographie.blogsite.org/wp-content/uploads/2021/09/libellule-silhouette-vignette-480x321.jpg 480w" sizes="auto, (max-width: 500px) 100vw, 500px" /></a></figure>



<figure class="wp-block-image size-full is-style-default"><a href="https://djeepy-photographie.blogsite.org/?p=13"><img loading="lazy" decoding="async" width="500" height="333" data-id="798" src="https://djeepy-photographie.blogsite.org/wp-content/uploads/2021/06/heure-bleue-vignette.jpg" alt="photo de crépuscule sur la mer et les reflets d'une ville au loin" class="wp-image-798"/></a></figure>
</figure>

<p>Bienvenue. Je m&rsquo;appelle Jean-Pierre Leprévost, je suis cherbourgeois. Passionné de nature depuis toujours, j&rsquo;ai commencé à faire de la photo avec des appareils jetables, puis avec mon téléphone. C&rsquo;est grâce au prêt d&rsquo;un appareil reflex que j&rsquo;ai découvert le « vrai » monde de la photo. C&rsquo;est surtout l&rsquo;usage d&rsquo;un téléobjectif qui m&rsquo;a amené à photographier d&rsquo;abord la lune, puis les oiseaux, qui sont devenus mes sujets de prédilection. J&rsquo;ai appris à [&hellip;]</p>
